st common divisor of 49 and 229038103.
49
Calculate the highest common divisor of 31689 and 142741340.
3521
Calculate the highest common factor of 51290304 and 390.
78
What is the highest common factor of 45186 and 31688?
34
Calculate the highest common divisor of 12805572 and 706330.
3818
Calculate the highest common factor of 7605249 and 69.
69
What is the highest common factor of 1945550 and 7223?
233
Calculate the highest common divisor of 633852560 and 704.
176
What is the greatest common factor of 29240 and 5432860?
340
What is the greatest common divisor of 6 and 41620058?
2
What is the highest common factor of 23182109 and 251?
251
Calculate the highest common factor of 2070136 and 18792.
232
Calculate the greatest common factor of 22 and 4352766.
22
What is the greatest common factor of 1574860 and 27244?
196
Calculate the highest common factor of 125413271 and 724.
181
What is the greatest common factor of 38190587 and 10189?
443
Calculate the highest common factor of 15 and 162784515.
15
What is the greatest common factor of 220 and 22947815?
55
Calculate the highest common divisor of 2842 and 2515373.
203
What is the highest common divisor of 161600326 and 267?
89
What is the highest common divisor of 21710 and 137758634?
4342
Calculate the greatest common divisor of 7924 and 7720240.
1132
Calculate the highest common factor of 10108 and 16145003.
2527
Calculate the greatest common factor of 341 and 6432562.
31
Calculate the highest common factor of 1444214 and 22.
2
What is the greatest common divisor of 25292605 and 234?
13
What is the highest common factor of 2 and 101801162?
2
Calculate the greatest common divisor of 67670 and 598930.
1010
What is the greatest common divisor of 97278 and 122202?
186
Calculate the highest common factor of 320893 and 3852.
107
Calculate the greatest common divisor of 48524 and 9079.
7
Calculate the highest common divisor of 396238 and 4556.
134
Calculate the highest common divisor of 209192136 and 60696.
6744
What is the highest common divisor of 1542578628 and 368?
92
Calculate the highest common divisor of 2867594 and 2185.
437
What is the highest common factor of 80029093 and 37090?
3709
Calculate the greatest common divisor of 1065 and 1012483785.
1065
Calculate the greatest common divisor of 14 and 512940078.
14
Calculate the greatest common divisor of 192217 and 484571.
1151
Calculate the greatest common factor of 5236719 and 332.
83
Calculate the highest common factor of 139723519 and 65.
13
Calculate the greatest common divisor of 21294 and 397184814.
3042
What is the highest common divisor of 14677520 and 858?
286
What is the highest common divisor of 1297522 and 10787?
1541
Calculate the greatest common divisor of 288 and 110595768.
24
What is the greatest common divisor of 34 and 7462031?
17
What is the highest common divisor of 6261871 and 121?
121
Calculate the highest common divisor of 35505 and 14205.
15
What is the highest common divisor of 920 and 3849970?
230
Calculate the greatest common divisor of 4 and 87787618.
2
Calculate the greatest common factor of 3045 and 4890415.
145
Calculate the highest common factor of 5460 and 9760660.
1820
Calculate the highest common factor of 14625 and 105210.
45
Calculate the highest common divisor of 112440 and 27688.
8
Calculate the highest common divisor of 710887034 and 1914.
638
What is the highest common divisor of 4116 and 17236779?
1029
Calculate the highest common factor of 12 and 14103666.
6
What is the highest common divisor of 428 and 92818862?
214
What is the highest common factor of 1194 and 53508314?
398
What is the greatest common factor of 11263600 and 61480?
1160
Calculate the greatest common divisor of 1634 and 29305790.
1634
What is the highest common divisor of 327 and 7931167?
109
What is the greatest common divisor of 19678797 and 6?
3
Calculate the greatest common factor of 42 and 21383712.
42
What is the greatest common divisor of 69333434 and 106?
106
Calculate the greatest common factor of 74057644 and 404.
404
What is the highest common factor of 24810563 and 54143?
1867
What is the highest common divisor of 670416 and 29616?
48
Calculate the highest common factor of 158 and 9465701.
79
What is the greatest common divisor of 2282 and 44205?
7
What is the greatest common divisor of 115 and 225243945?
115
What is the highest common divisor of 18303511 and 236?
59
Calculate the greatest common factor of 418 and 48482566.
418
What is the highest common divisor of 4335 and 305?
5
What is the greatest common factor of 20 and 61109740?
20
Calculate the greatest common factor of 25177896 and 5310.
1062
What is the highest common divisor of 4528 and 72847596?
1132
What is the greatest common divisor of 12561130 and 255?
85
What is the greatest common factor of 1663838 and 836?
22
Calculate the greatest common factor of 22125 and 24531315.
885
Calculate the highest common divisor of 212196 and 1176.
12
What is the greatest common divisor of 102 and 54544602?
102
What is the greatest common factor of 7596524 and 13472?
1684
What is the greatest common factor of 1746 and 103622481?
873
Calculate the greatest common factor of 12 and 183117.
3
Calculate the greatest common divisor of 638 and 2024954.
58
What is the greatest common divisor of 5050379 and 7946?
29
What is the greatest common factor of 205 and 130283035?
205
What is the highest common factor of 21386012 and 524?
524
What is the highest common factor of 731 and 4858379?
17
Calculate the greatest common factor of 702 and 11698596.
234
Calculate the greatest common factor of 295575 and 329343.
21
What is the greatest common divisor of 221037 and 147?
3
Calculate the greatest common divisor of 2359432 and 59984.
184
What is the highest common factor of 620 and 41151136?
124
Calculate the greatest common divisor of 305 and 224855.
5
What is the highest common divisor of 1420 and 182810090?
710
What is the highest common factor of 1739 and 49095448?
1739
What is the highest common factor of 33 and 279388472?
11
Calculate the highest common divisor of 6193712 and 7616.
1904
What is the greatest common factor of 54 and 1187001?
27
What is the greatest common divisor of 26610 and 6742290?
30
Calculate the highest common divisor of 1219 and 10691021.
23
Calculate the highest common factor of 40462721 and 1313.
1313
What is the greatest common divisor of 6325 and 1091695?
1265
Calculate the highest common divisor of 19289476 and 124.
4
What is the greatest common factor of 675 and 5976225?
225
Calculate the highest common factor of 29028951 and 42.
21
What is the greatest common divisor of 25 and 55141755?
5
Calculate the highest common divisor of 209914 and 1207366.
206
What is the highest common divisor of 1515 and 151797849?
303
What is the highest common factor of 149430 and 459?
51
What is the greatest common divisor of 902 and 52283?
11
Calculate the greatest common divisor of 46 and 22550833.
23
What is the greatest common divisor of 2343654 and 2592?
162
Calculate the greatest common divisor of 20838 and 6059350.
46
What is the highest common divisor of 309549 and 2481?
3
Calculate the greatest common divisor of 1498 and 2664514.
214
What is the greatest common divisor of 8968 and 54482842?
2242
What is the greatest common factor of 139229 and 1554719?
29
Calculate the greatest common factor of 233211108 and 468.
156
Calculate the highest common divisor of 80 and 4964980.
20
Calculate the greatest common divisor of 3964179 and 969.
969
Calculate the greatest common divisor of 19416280 and 520.
520
What is the greatest common factor of 187985 and 449155?
1435
What is the greatest common divisor of 2279854 and 23366?
3338
Calculate the highest common divisor of 20025 and 2235.
15
Calculate the greatest common divisor of 3303906425 and 173.
173
Calculate the highest common factor of 20 and 350590.
10
Calculate the greatest common factor of 2866116 and 2112.
132
What is the greatest common factor of 28654098 and 66?
66
What is the highest common factor of 465312 and 8072?
8
Calculate the highest common divisor of 10505 and 3944914.
191
What is the greatest common factor of 672191 and 256752?
1783
What is the greatest common factor of 3616849 and 5629?
433
Calculate th